 of 20?
True
Is 404 a factor of 64173?
False
Does 9 divide 331?
False
Does 33 divide 2046?
True
Is 23 a factor of 5019?
False
Does 33 divide 1451?
False
Does 29 divide 726?
False
Is 817 a multiple of 17?
False
Does 14 divide 389?
False
Does 10 divide 169?
False
Is 3078 a multiple of 19?
True
Does 20 divide 460?
True
Is 99 a multiple of 99?
True
Is 170 a factor of 62220?
True
Is 11 a factor of 46715?
False
Does 5 divide 3240?
True
Is 8400 a multiple of 15?
True
Does 67 divide 7303?
True
Is 19242 a multiple of 49?
False
Does 76 divide 1596?
True
Does 48 divide 219?
False
Is 55 a factor of 17359?
False
Does 12 divide 2752?
False
Is 1649 a multiple of 9?
False
Is 68 a factor of 884?
True
Does 10 divide 834?
False
Does 2 divide 1205?
False
Is 3093 even?
False
Is 5 a factor of 6968?
False
Is 16 a factor of 359?
False
Is 12379 a multiple of 23?
False
Does 4 divide 772?
True
Is 2730 a multiple of 78?
True
Does 41 divide 12095?
True
Is 21 a factor of 1218?
True
Is 9120 a multiple of 57?
True
Is 6 a factor of 49?
False
Is 17111 a multiple of 71?
True
Is 18 a factor of 9648?
True
Is 203 even?
False
Is 112 a factor of 47488?
True
Is 364 a multiple of 39?
False
Is 10 a factor of 1032?
False
Is 755 a multiple of 5?
True
Is 2 a factor of 271?
False
Does 38 divide 2812?
True
Is 18 a factor of 1988?
False
Does 11 divide 6743?
True
Does 31 divide 1894?
False
Is 12 a factor of 21948?
True
Is 36 a factor of 9252?
True
Is 11 a factor of 3520?
True
Is 4080 a multiple of 11?
False
Is 42 a factor of 294?
True
Is 784 a multiple of 6?
False
Is 20187 a multiple of 3?
True
Is 18 a factor of 29572?
False
Does 27 divide 14121?
True
Does 7 divide 350?
True
Does 4 divide 8030?
False
Is 27180 a multiple of 9?
True
Is 32364 a multiple of 36?
True
Is 11924 a multiple of 7?
False
Does 40 divide 24531?
False
Is 21 a factor of 3073?
False
Is 14704 a multiple of 4?
True
Is 3840 a multiple of 64?
True
Does 3 divide 393?
True
Is 15 a factor of 401?
False
Is 30303 a multiple of 117?
True
Is 23 a factor of 1219?
True
Does 2 divide 285?
False
Is 538 a multiple of 19?
False
Is 36 a factor of 1332?
True
Is 36 a factor of 1099?
False
Does 3 divide 1607?
False
Does 29 divide 925?
False
Is 1924 a multiple of 74?
True
Is 4968 a multiple of 108?
True
Does 9 divide 2028?
False
Does 60 divide 1837?
False
Is 9900 a multiple of 9?
True
Does 66 divide 7010?
False
Is 8 a factor of 52?
False
Is 53 even?
False
Does 51 divide 2226?
False
Is 4232 a multiple of 18?
False
Is 480 a multiple of 40?
True
Is 77 a factor of 1356?
False
Does 13 divide 468?
True
Does 78 divide 53225?
False
Is 18 a factor of 4374?
True
Is 575 a multiple of 13?
False
Is 2064 a multiple of 129?
True
Does 55 divide 990?
True
Is 65 a multiple of 4?
False
Is 1395 a multiple of 4?
False
Is 620 a multiple of 9?
False
Is 30 a factor of 450?
True
Is 52 a factor of 1924?
True
Does 38 divide 30818?
True
Is 4 a factor of 1977?
False
Is 7517 a multiple of 12?
False
Is 5972 a multiple of 68?
False
Is 21 a factor of 4199?
False
Is 1541 a multiple of 26?
False
Is 4 a factor of 44?
True
Is 61 a factor of 998?
False
Is 12750 a multiple of 30?
True
Is 7 a factor of 350?
True
Does 6 divide 2081?
False
Is 325 a factor of 82604?
False
Does 98 divide 12243?
False
Is 16 a multiple of 4?
True
Does 41 divide 33620?
True
Is 47 a factor of 705?
True
Does 13 divide 442?
True
Is 13 a factor of 788?
False
Does 29 divide 18935?
False
Is 12408 a multiple of 88?
True
Does 43 divide 473?
True
Is 73 a factor of 4891?
True
Is 511 a multiple of 4?
False
Does 20 divide 2059?
False
Does 7 divide 5153?
False
Is 279 a multiple of 22?
False
Is 26 a factor of 52?
True
Is 21 a factor of 1407?
True
Is 26 a factor of 289?
False
Does 18 divide 412?
False
Is 26244 a multiple of 54?
True
Is 1160 a multiple of 5?
True
Is 9 a factor of 4050?
True
Does 13 divide 1310?
False
Is 4 a factor of 756?
True
Is 9 a factor of 5022?
True
Is 53 a factor of 141?
False
Is 16 a factor of 8032?
True
Is 1912 a multiple of 28?
False
Does 13 divide 3237?
True
Does 124 divide 56048?
True
Does 57 divide 3477?
True
Is 54766 a multiple of 394?
True
Does 25 divide 1225?
True
Is 9279 a multiple of 164?
False
Is 10 a factor of 380?
True
Is 22 even?
True
Does 73 divide 630?
False
Is 552 a multiple of 27?
False
Is 20 a factor of 26?
False
Does 39 divide 8992?
False
Is 21172 a multiple of 134?
True
Does 101 divide 17271?
True
Does 13 divide 1872?
True
Is 8 a factor of 112?
True
Is 581 a multiple of 27?
False
Does 23 divide 1265?
True
Is 77 a factor of 32186?
True
Does 11 divide 286?
True
Is 110 a factor of 6490?
True
Does 22 divide 9152?
True
Does 2 divide 59?
False
Is 28 a factor of 1036?
True
Is 44 a factor of 137412?
True
Does 16 divide 1600?
True
Does 3 divide 54?
True
Is 23 a factor of 58?
False
Is 11786 a multiple of 5?
False
Is 66701 a multiple of 10?
False
Is 9457 a multiple of 78?
False
Is 24 a multiple of 4?
True
Is 594 a multiple of 22?
True
Is 88 a multiple of 13?
False
Is 36 a factor of 1260?
True
Is 16838 a multiple of 6?
False
Does 59 divide 350?
False
Is 34 a factor of 6551?
False
Does 41 divide 1189?
True
Does 12 divide 8688?
True
Is 9999 a multiple of 95?
False
Does 3 divide 175?
False
Is 880 a multiple of 44?
True
Does 80 divide 1280?
True
Does 46 divide 576?
False
Is 8 a factor of 264?
True
Is 5402 a multiple of 10?
False
Is 5 a factor of 1180?
True
Is 17 a factor of 2069?
False
Does 11 divide 15950?
True
Is 4158 a multiple of 21?
True
Is 31 a factor of 775?
True
Is 6 a factor of 1701?
False
Is 19 a factor of 246?
False
Is 9 a factor of 467?
False
Does 14 divide 15344?
True
Does 41 divide 9389?
True
Is 11 a factor of 682?
True
Does 5 divide 53245?
True
Is 2723 a multiple of 28?
False
Is 31217 a multiple of 53?
True
Is 2254 a multiple of 46?
True
Is 97 a factor of 12610?
True
Is 237 a multiple of 3?
True
Does 26 divide 1170?
True
Does 113 divide 11758?
False
Does 48 divide 720?
True
Is 69 a factor of 4136?
False
Is 40 a factor of 5320?
True
Is 135 a multiple of 27?
True
Is 7 a factor of 116?
False
Is 11 a factor of 2706?
True
Is 13 a factor of 3861?
True
Is 3 a factor of 3945?
True
Does 193 divide 14861?
True
Does 4 divide 581?
False
Is 34650 a multiple of 70?
True
Is 32 a factor of 1283?
False
Is 14 a factor of 2142?
True
Is 2552 a multiple of 29?
True
Is 5121 a multiple of 9?
True
Is 15 a factor of 718?
False
Is 69 a factor of 19460?
False
Is 52764 a multiple of 221?
False
Is 4 a factor of 80?
True
Is 71839 a multiple of 6?
False
Is 65 a factor of 21775?
True
Is 12 a factor of 180?
True
Is 1315 a multiple of 44?
False
Does 17 divide 1002?
False
Is 32 a factor of 3392?
True
Does 22 divide 330?
True
Is 2915 a multiple of 11?
True
Is 41602 a multiple of 97?
False
Does 34 divide 2443?
False
Is 891 a multiple of 27?
True
Does 86 divide 4730?
True
Is 16 a factor of 64?
True
Is 2464 a multiple of 176?
True
Is 62 a factor of 1736?
True
Is 14 a factor of 322?
True
Does 54 divide 3826?
False
Does 104 divide 10296?
True
Is 374 a multiple of 11?
True
Is 8 a factor of 4857?
False
Does 7 divide 50?
False
Is 220 a multiple of 4?
True
Is 1950 a multiple of 26?
True
Is 52 a factor of 2080?
True
Does 89 divide 380?
False
Does 19 divide 14827?
False
Is 37 a factor of 3330?
True
Does 182 divide 128628?
False
Is 36 a factor of 1328?
False
Does 343 divide 74123?
False
Is 72 a factor of 7848?
True
Is 693 a multiple of 2?
False
Does 96 divide 2016?
True
Is 44224 a multiple of 64?
True
Does 8 divide 219?
False
Does 37 divide 15577?
True
Does 10 divide 2504?
False
Is 1661 a multiple of 18?
False
Is 33005 a multiple of 9?
False
Does 13 divide 4922?
False
Is 9 a factor of 6813?
True
Is 6808 a multiple of 74?
True
Does 96 divide 28614?
False
Is 78 a multiple of 3?
True
Is 1792 a multiple of 7?
True
Does 61 divide 135324?
False
Does 53 divide 636?
True
Does 3 divide 2571?
True
Is 11 a factor of 99245?
False
Does 9 divide 1946?
False
Does 2 divide 565?
False
Is 18 a factor of 684?
True
Is 2494 a multiple of 86?
True
Is 3581 a multiple of 34?
False
Does 28 divide 2464?
True
Does 77 divide 3157?
True
Is 16925 a multiple of 73?
False
Is 305 a factor of 86925?
True
Is 7 a factor of 2107?
True
Is 443 a multiple of 14?
False
Does 40 divide 158?
False
Does 8 divide 152?
True
Is 1045 a multiple of 11?
True
Is 21 a factor 